What is the units digit of u(17)?
0
What is the units digit of (-8)/(-2) + (-6)/(-2)?
7
Suppose -2*o - 9 = o. Suppose 3*g + 27 = -3*q, 5*q = 3*g + 12 - 49. Let f = o - q. What is the units digit of f?
5
Let d(k) = k**3 - 8*k**2. Let q be d(8). Suppose 64 = -q*a + 4*a. What is the tens digit of a?
1
Let p(o) = o + 5. Let y be p(-7). Suppose 3 = n - 5. Let z = y + n. What is the units digit of z?
6
Suppose -n + 0*n = -66. What is the tens digit of n?
6
Suppose 2*b - 2*h + 12 = b, -b - 2*h - 12 = 0. Let g be 9/2*b/(-18). Suppose 64 = 3*r + 2*r + 3*x, 34 = 2*r - g*x. What is the units digit of r?
4
Let g(y) = y**2 - 5*y - 3. Let z be g(4). Suppose 3*n + 3 = -q, -5*q + 4*n = 1 - 62. Let f = z + q. What is the units digit of f?
2
Let j(g) = 4*g**3 - 3*g**2 + 2*g + 2. Let z be j(2). What is the units digit of 4/z - (-284)/13?
2
Let j(o) be the third derivative of o**6/120 + 2*o**5/15 + 5*o**4/12 + 4*o**3/3 - 2*o**2. Let x be j(-6). Suppose 0 = g - 3*g + x. What is the tens digit of g?
1
Let c = -32 - -41. Suppose -2*h = -16 - 16. Let f = h - c. What is the units digit of f?
7
Let y = 414 - 233. What is the units digit of y?
1
Let i be 5 + 0/3 - 2. Suppose -2*p = -i*p + 34. What is the units digit of p?
4
Suppose -h - 7 = -21. What is the tens digit of h?
1
Suppose -u + 40 = 4*g, 0 = 3*g + 4*u - 3*u - 31. Let l = g - 4. Suppose -4*t - 2 = 2*d, 0 = l*d + 2*t + 2*t - 13. What is the units digit of d?
5
Let h be (2 - 38)*4/6. What is the units digit of (-10)/4*h/4?
5
Suppose 4*t + 23 = -v, 3*v + 0 = -4*t - 29. Let q = 7 + v. Suppose -q*g + 58 = -5*r, -5*r - 9 - 32 = -3*g. What is the tens digit of g?
1
Let i(r) = r - 2. Let j be i(4). What is the units digit of (8 - 5)/(j/14)?
1
Let a(h) = -2 + 3*h + 1 + 4. Let k be a(3). Suppose 0*l - 4*l + 4*q = -k, 2*l = 4*q. What is the units digit of l?
6
Let b = 52 + -36. Suppose b = 4*r - 4. What is the units digit of r?
5
Let k = 15 - 14. Let y(f) = -3*f**2 + f + 2. Let d(t) = -t**2 - 1. Let x(h) = -2*d(h) - y(h). What is the units digit of x(k)?
4
Let b(w) = 3*w + 4. What is the tens digit of b(27)?
8
Let l be 2/4 - (-1592)/16. Suppose l = p + 3*p. What is the units digit of p?
5
Let k = -31 + 138. What is the units digit of k?
7
Let l be -1 + 0 + 3/3. Suppose -4*j - r = -29, -5*j + 43 = -r - l*r. What is the units digit of j?
8
Let d = 152 - 15. What is the tens digit of d?
3
Let x(g) be the first derivative of -g**4/4 + 8*g**3/3 - 3*g**2 - 6*g + 2. Let r be x(6). Suppose q + q = r. What is the units digit of q?
5
Let t = 313 + -193. What is the units digit of t?
0
Let y(x) = 9*x - 3 + 3. Let i(p) = p**2 + 2*p - 2. Let s be i(-3). What is the units digit of y(s)?
9
Suppose -4*v = -v - 21. Let j = 7 + v. What is the units digit of j?
4
Let x(m) = -18*m**3 - 2*m**2 - 2*m - 1. What is the tens digit of x(-1)?
1
Let z(o) be the second derivative of -5*o**3/3 - o**2/2 + 5*o. Let f(x) = x - 6. Let j be f(5). What is the units digit of z(j)?
9
Let d be 5/2*6/5. Suppose i = 6*i - 3*f - 6, -4*f = -d*i + 8. Suppose -5*b + 24 = -4*h + 8*h, i = -3*b + 5*h + 7. What is the units digit of b?
4
Suppose -2 = 4*i - 26. Let o = -8 + i. What is the units digit of ((-2)/(-3))/(o/(-3))?
1
Let g(h) = -h**3 - 7*h**2 - 6*h - 8. What is the tens digit of g(-9)?
0
Let a(p) = 2*p**2 - 2*p - 6. Let j be a(7). Let g = j + -46. What is the units digit of g?
2
Let o = 12 + -12. Suppose 3*a = 10 + 5. Suppose -a = -d - o*d, -d = -3*p + 10. What is the units digit of p?
5
Let j = -14 - -27. What is the tens digit of j?
1
Suppose 4 = 4*s - 4*q, 19 = -5*s - 4*q + q. Let d(h) = 15*h**2 + 3*h + 1. Let x be d(s). Suppose 3*l - x = -4. What is the units digit of l?
7
Suppose 0 = 2*k - 4*k - 14. Suppose 5*i - 63 = -8. Let p = i + k. What is the units digit of p?
4
Let n(f) = 2*f + 8. What is the units digit of n(15)?
8
Let s be 1/((-6)/4)*6. Let i(o) = 3 - 5*o - o + 6*o - o. What is the units digit of i(s)?
7
Suppose 5*d - 65 - 100 = 0. What is the tens digit of d?
3
Let z = 5 + -1. Suppose -z*u + 15 = 7. What is the units digit of u?
2
Let d = 7 - 28. Let h = -15 - d. What is the units digit of h?
6
Let v(t) = 33*t**3. Suppose 4 = -3*i + 7. What is the tens digit of v(i)?
3
Let o(i) = -i + 3. What is the units digit of o(-8)?
1
Suppose -2*b + 36 = -5*b + 3*f, -5*f = -3*b - 46. Let m = b - -4. What is the units digit of (0 - m)*(-8)/(-3)?
8
Let t(d) = d**3 + 12*d**2 + 10*d - 21. What is the tens digit of t(-10)?
7
Suppose -2*c - 4*j = -5*c + 38, -4*j = 20. Let n(g) = -3 + 2 + 5*g - g - 2*g. What is the units digit of n(c)?
1
Suppose 0 = -3*h + 3*u + 14 + 79, 55 = h + 5*u. Suppose 5*c - c + r - 184 = 0, -c + h = 3*r. What is the units digit of c?
7
Suppose -d - 14 = -5*x, 0 = 6*x - 2*x - 3*d - 20. Suppose x*s - 8*s + 162 = 0. What is the units digit of s?
7
Let q = 18 + -50. Let u be (q/(-20))/(4/10). Suppose -h = -2*b + 7*b - 5, -u*b = h - 5. What is the units digit of h?
5
Let s be 13/3 + 4/6. Suppose 0 = 5*p - 4*y - 13 - 1, 2*p = 2*y + 6. Suppose -70 = -s*w + 4*g, 3*w + g = -p*w + 70. What is the tens digit of w?
1
Suppose 2*k + k + 410 = 5*j, 5*j - 435 = -2*k. Let n = 145 - j. Suppose -7*m = -3*m - n. What is the units digit of m?
5
Suppose 0 = l + 4*l - 150. Let k = l + -1. What is the tens digit of k?
2
Suppose -2*l + l + 1 = -k, 0 = 3*k - 4*l. Let h = k - -39. What is the tens digit of h?
3
Let u be 27/(-4) + (-15)/(-20). Let q = u - -8. What is the units digit of q?
2
Suppose 45 = 3*h - 3*r - 30, -5*h + 130 = -4*r. Let s = -18 + h. What is the tens digit of s?
1
Suppose 3*f + 375 = 2*y, -5*y + 5*f = f - 920. What is the tens digit of y?
8
Let u = 18 - 22. What is the units digit of (2 + -2)/u - -9?
9
Let o(v) = 13*v**2 + 2*v + 5. What is the units digit of o(4)?
1
Suppose 5*i - 3*l + l - 6 = 0, -5*i = -5*l. Let a = i - -2. Suppose 32 = a*r + 5*n - 3, 3*r = n + 12. What is the units digit of r?
5
Suppose 20 = 2*i + 4*y, 5*y - 25 = -3*i + 4*i. Suppose i*a - 5*a + 85 = 0. Let x = a - 10. What is the units digit of x?
7
Let p be ((-44)/3)/((-8)/12). Suppose 5*n - 7*n = -p. What is the tens digit of n?
1
Let h(v) = -v**2 - 13*v - 3. Suppose -2*f = -3*n - f - 28, 60 = -5*n - f. What is the units digit of h(n)?
9
Let b(m) = m + 4. Let q be b(-4). Suppose 0*h + 4*h + 36 = q. Let l = 14 + h. What is the units digit of l?
5
Let n(j) = 5*j - 1. Let x(a) = a - 1. Let u(r) = -n(r) + 2*x(r). Suppose -t + 1 = -2*t. What is the units digit of u(t)?
2
Suppose 4*f - 23 = -4*l - 7, 2*l - 4 = -3*f. Suppose -2*a + 6*a = l. Suppose 3*k - 9 = 0, 2*d + a*k - 7*k = -3. What is the units digit of d?
6
Let f(v) = -5*v - 11. What is the tens digit of f(-6)?
1
Let s(i) = 208*i - 11. What is the units digit of s(2)?
5
Let a(n) = n**3 + 10*n**2 - n - 3. Suppose -3*g + m + 29 = 0, -3*g + 10 + 17 = -3*m. Suppose 0*p = p + g. What is the units digit of a(p)?
7
Let m = -8 - 4. Let o = 23 + m. What is the units digit of o?
1
Let u(y) = 2*y - 6. Let a = -4 + 8. Let h be u(a). What is the tens digit of h/3 + (-31)/(-3)?
1
Let d be (-5 + 6)/(1/71). Let r = d + -49. What is the units digit of r?
2
Let x(c) = -c**3 - 3*c**2 + 4*c + 4. Let s be x(-4). Suppose -y = -s*y + 174. Suppose 5*w - y = 17. What is the units digit of w?
5
Let n be (-1 - (2 + -3)) + -1. What is the units digit of 125/4 + n/4?
1
Let n(b) = -b**2 + 10*b + 6. Suppose -4*m + 29 = -7. What is the units digit of n(m)?
5
Suppose -3*i + 144 = -4*v, -4*i + i + 3*v = -141. What is the tens digit of i?
4
Suppose 0 = 5*a + 2*w - 98, 0 = a + w - 24 + 2. What is the units digit of a?
8
Suppose -10*f = 10*f - 380. What is the tens digit of f?
1
Let x = -5 - -17. What is the units digit of x - (-2)/((-4)/6)?
9
Let r(g) = g + 2. Let n be r(0). Let a be n/1*10/(-4). Let k = a + 13. What is the units digit of k?
8
Let w be (3 - 1) + -9 + -2. Let r = 3 - w. What is the units digit of r?
2
Let r = -9 + 11. Let a = 10 + r. What is the tens digit of a?
1
Let g = 12 - 10. What is the units digit of g?
2
Let d(b) = 2*b**2 - b + 1. Let o be 3/2*32/24. What is the units digit of d(o)?
7
Let a(j) = -3*j - 4. Let c be a(-6). Let t be 1/6 + 210/36. Let u = c - t. What is the units digit of u?
8
Let k = 150 + -86. Let z = -39 + k. What is the units digit of z?
5
Let x = -2 - -30. What is the tens digit of x?
2
Let v be -1*-1*(-2 + 7). Sup